nds digit of 1210706?
1
What is the thousands digit of 1708241?
8
What is the ten thousands digit of 78956?
7
What is the tens digit of 26974911?
1
What is the hundreds digit of 23774036?
0
What is the ten thousands digit of 1038576?
3
What is the units digit of 4567542?
2
What is the hundreds digit of 37301?
3
What is the ten millions digit of 13819077?
1
What is the millions digit of 4337754?
4
What is the hundred thousands digit of 371839?
3
What is the ten thousands digit of 10441645?
4
What is the thousands digit of 37222121?
2
What is the tens digit of 1144592?
9
What is the units digit of 99234?
4
What is the units digit of 2117187?
7
What is the tens digit of 4454485?
8
What is the tens digit of 21308320?
2
What is the hundreds digit of 3410699?
6
What is the hundreds digit of 217646?
6
What is the thousands digit of 1831431?
1
What is the tens digit of 151854?
5
What is the millions digit of 1368040?
1
What is the thousands digit of 173561?
3
What is the thousands digit of 967012?
7
What is the units digit of 9027492?
2
What is the hundred thousands digit of 202507?
2
What is the ten thousands digit of 6595015?
9
What is the ten thousands digit of 86742?
8
What is the millions digit of 12644021?
2
What is the units digit of 7817819?
9
What is the tens digit of 986462?
6
What is the tens digit of 23321?
2
What is the thousands digit of 9852711?
2
What is the tens digit of 2090877?
7
What is the units digit of 157596?
6
What is the ten thousands digit of 702923?
0
What is the thousands digit of 86517?
6
What is the hundred thousands digit of 30603024?
6
What is the thousands digit of 486542?
6
What is the hundreds digit of 705610?
6
What is the hundreds digit of 1359732?
7
What is the tens digit of 6344542?
4
What is the ten thousands digit of 225165?
2
What is the ten thousands digit of 7571513?
7
What is the ten thousands digit of 253471?
5
What is the hundred thousands digit of 254824?
2
What is the tens digit of 10449711?
1
What is the tens digit of 21515?
1
What is the ten thousands digit of 1243623?
4
What is the thousands digit of 1154004?
4
What is the tens digit of 6095842?
4
What is the hundred thousands digit of 410636?
4
What is the units digit of 399407?
7
What is the hundreds digit of 2412182?
1
What is the units digit of 339243?
3
What is the hundreds digit of 412762?
7
What is the ten millions digit of 23302895?
2
What is the units digit of 204121?
1
What is the units digit of 245338?
8
What is the thousands digit of 19557853?
7
What is the units digit of 1630839?
9
What is the hundreds digit of 19100906?
9
What is the ten thousands digit of 90897?
9
What is the tens digit of 1234424?
2
What is the tens digit of 733882?
8
What is the ten millions digit of 15479277?
1
What is the units digit of 483700?
0
What is the units digit of 630100?
0
What is the tens digit of 379836?
3
What is the millions digit of 21396502?
1
What is the hundred thousands digit of 436839?
4
What is the units digit of 38107?
7
What is the units digit of 80686?
6
What is the millions digit of 9210529?
9
What is the hundreds digit of 3064114?
1
What is the thousands digit of 832305?
2
What is the ten millions digit of 22759047?
2
What is the units digit of 5649721?
1
What is the ten thousands digit of 165266?
6
What is the thousands digit of 96756?
6
What is the millions digit of 17207836?
7
What is the tens digit of 2363965?
6
What is the hundred thousands digit of 1590180?
5
What is the hundred thousands digit of 25052458?
0
What is the hundred thousands digit of 4896730?
8
What is the ten thousands digit of 496804?
9
What is the ten thousands digit of 236664?
3
What is the tens digit of 5107202?
0
What is the ten thousands digit of 13106294?
0
What is the tens digit of 1052501?
0
What is the hundred thousands digit of 358160?
3
What is the units digit of 1097130?
0
What is the hundreds digit of 2186144?
1
What is the thousands digit of 55596?
5
What is the hundred thousands digit of 13505127?
5
What is the ten thousands digit of 26888?
2
What is the hundreds digit of 1771381?
3
What is the ten thousands digit of 699325?
9
What is the hundreds digit of 472193?
1
What is the tens digit of 336264?
6
What is the hundred thousands digit of 478128?
4
What is the thousands digit of 3479836?
9
What is the millions digit of 15432082?
5
What is the ten thousands digit of 15123186?
2
What is the tens digit of 22433228?
2
What is the thousands digit of 778139?
8
What is the units digit of 1322116?
6
What is the ten thousands digit of 123697?
2
What is the tens digit of 315232?
3
What is the millions digit of 39614596?
9
What is the hundreds digit of 247855?
8
What is the hundred thousands digit of 3806891?
8
What is the tens digit of 1059423?
2
What is the tens digit of 14200854?
5
What is the ten millions digit of 36280525?
3
What is the thousands digit of 315018?
5
What is the hundred thousands digit of 481233?
4
What is the hundreds digit of 321993?
9
What is the hundreds digit of 20947266?
2
What is the ten thousands digit of 26398?
2
What is the hundreds digit of 333547?
5
What is the hundred thousands digit of 408525?
4
What is the thousands digit of 1317969?
7
What is the hundreds digit of 490844?
8
What is the hundred thousands digit of 214236?
2
What is the hundreds digit of 1704617?
6
What is the ten thousands digit of 5225611?
2
What is the units digit of 684348?
8
What is the tens digit of 5411090?
9
What is the ten thousands digit of 72894?
7
What is the units digit of 133347?
7
What is the hundred thousands digit of 9505145?
5
What is the hundreds digit of 342082?
0
What is the millions digit of 1753547?
1
What is the units digit of 1545733?
3
What is the hundred thousands digit of 182406?
1
What is the hundred thousands digit of 231422?
2
What is the units digit of 20296629?
9
What is the tens digit of 3796531?
3
What is the hundreds digit of 261931?
9
What is the millions digit of 1769275?
1
What is the ten thousands digit of 15579044?
7
What is the tens digit of 655054?
5
What is the units digit of 754260?
0
What is the ten thousands digit of 30578941?
7
What is the tens digit of 276586?
8
What is the ten thousands digit of 53881?
5
What is the millions digit of 3194815?
3
What is the hundred thousands digit of 5197001?
1
What is the ten thousands digit of 5409490?
0
What is the hundred thousands digit of 190133?
1
What is the hundred thousands digit of 416522?
4
What is the ten thousands digit of 1032344?
3
What is the ten thousands digit of 867898?
6
What is the ten thousands digit of 971192?
7
What is the hundreds digit of 770414?
4
What is the tens digit of 6074234?
3
What is the units digit of 12160513?
3
What is the millions digit of 2478181?
2
What is the tens digit of 3701481?
8
What is the units digit of 1311751?
1
What is the thousands digit of 2232391?
2
What is the millions digit of 7245224?
7
What is the hundred thousands digit of 13493600?
4
What is the hundreds digit of 168277?
2
What is the thousands digit of 224059?
4
What is the hundreds digit of 261674?
6
What is the tens digit of 8816254?
5
What is the units digit of 222492?
2
What is the thousands digit of 8171?
8
What is the units digit of 2431513?
3
What is the thousands digit of 856960?
6
What is the hundred thousands digit of 7538476?
5
What is the units digit of 381119?
9
What is the thousands digit of 64549?
4
What is the ten thousands digit of 3200403?
0
What is the tens digit of 690397?
9
What is the hundreds digit of 225578?
5
What is the hundred thousands digit of 137664?
1
What is the tens digit of 2619224?
2
What is the thousands digit of 151074?
1
What is the hundreds digit of 3728?
7
What is the ten thousands digit of 5832400?
3
What is the hundred thousands digit of 5726374?
7
What is the thousands digit of 432964?
2
What is the units digit of 928879?
9
What is the ten millions digit of 14031155?
1
What is the hundreds digit of 2252500?
5
What is the ten thousands digit of 1391386?
9
What is the hundred thousands digit of 5861281?
8
What is the units digit of 182107?
7
What is the hundred thousands digit of 198799?
1
What is the hundred thousands digit of 510196?
5
What is the ten thousands digit of 2959958?
5
What is the thousands digit of 19451?
9
Wh